at is the remainder when q(53) is divided by d?
7
Suppose -2*q = -4*n - 324, 8*n = -2*q + 3*n + 342. What is the remainder when q is divided by 13?
10
What is the remainder when 55 is divided by (3 - 0) + -5 - -21?
17
Suppose -2*u - 3*y + 2 = -0*u, 0 = 5*u - 4*y - 28. Suppose -u*i = -5*m + 6 + 16, 5*m - 38 = -4*i. Calculate the remainder when 9/6*92/m is divided by 8.
7
Suppose 0 = 2*y - 1 - 3. Suppose -29 = 5*a + v, -3*a - y*v = 11 + 12. Let h = 18 + a. What is the remainder when 38 is divided by h?
12
Suppose -3*a + 24 = a. Calculate the remainder when (1 - 0)/(a/210) is divided by 9.
8
Let q = -3 + 5. Suppose 4*g + 0*h = -2*h - 192, -q*h = -2*g - 96. Let u = 99 + g. Calculate the remainder when u is divided by 18.
15
Let b(v) = -v**3 - 4*v**2 - 7*v - 8. Let y be 7/(-1 - (0 - 0)). Let w be b(y). Suppose w - 48 = 5*t. Calculate the remainder when t is divided by 10.
8
Suppose 2*z + 5*s = 250, 0 = 4*z - 2*s - 2*s - 444. Suppose 0 = j - 6*j + z. What is the remainder when j is divided by 8?
7
Calculate the remainder when 80 is divided by (1 - 0)*(48 - (0 - -5)).
37
Suppose -2*w - 34 = -2*l + 3*w, -4*l + 32 = -w. Suppose -51 + 13 = -f. Let c = 57 - f. What is the remainder when c is divided by l?
5
Suppose 3*g - a = -4*a + 66, -20 = -4*a. Suppose 5 - g = -o. Suppose 2*q = 4*b - b + 58, 0 = -5*b + 20. Calculate the remainder when q is divided by o.
11
Suppose -2*l = 3*k - 13, -5*l + k + 1 = -2*k. Suppose 28 + l = 5*s. What is the remainder when 22 is divided by s?
4
Let o = 0 - -3. Suppose -2*c - 7*m + 6 = -3*m, c - 5*m = -18. What is the remainder when (-28 + -1)/(c/o) is divided by 10?
9
Suppose -4*r + 114 = -2*r. What is the remainder when r is divided by 12?
9
Let q = 298 - 166. Calculate the remainder when q is divided by 34.
30
Let k = -22 + 281. Suppose 4*r + 3*f - k = 0, -43 = -3*r - 5*f + 154. Suppose -3*a - 13 = -r. What is the remainder when a is divided by 9?
8
Let j = 17 - 10. What is the remainder when 13 is divided by j?
6
Suppose -b + 9 = -5. What is the remainder when b is divided by 4?
2
Let z(n) = -77*n**3 - 4*n**2 - 2*n + 3. Let v(x) = -78*x**3 - 5*x**2 - 3*x + 4. Let u(s) = 4*v(s) - 5*z(s). What is the remainder when u(1) is divided by 25?
22
Let f(x) = -x**2 - 7*x + 4. Let b(a) = a. Let l(j) = -5*b(j) + f(j). Calculate the remainder when l(-7) is divided by 10.
9
Suppose -2*m + 5*x = -m - 14, -5*m - x = -18. Suppose 4*d = -4*b + 8, 27 = m*b - 4*d + 3. What is the remainder when 7 is divided by b?
3
Let m = 127 - 13. Suppose 0*l - 3*l = -m. Let n(b) = -3*b**3 - 3*b**2 + 1. Calculate the remainder when l is divided by n(-2).
12
Suppose -2*w + 24 = 2*p, 3*p - 2*w = p + 12. Calculate the remainder when 33 is divided by p.
6
Suppose 3*h - 24 = 2*f + 2*f, 0 = 2*h - 2*f - 18. What is the remainder when 71 is divided by h?
11
Let f(j) = -2*j + 1. Let k = -7 - -2. Let y(h) = 2*h**2 + 2*h - 3. What is the remainder when y(k) is divided by f(-6)?
11
Let j = 86 + 1. Suppose -o = 2*o - j. What is the remainder when o is divided by 8?
5
Let t(a) = -a**3 + 5*a**2 + a - 2. Let s be t(5). Let h = s - 6. Calculate the remainder when (-86)/(-6) + 1/h is divided by 5.
4
Let s = -85 - -133. Suppose 5*n - 86 = -r, 4*n - 6*n + 36 = 2*r. Calculate the remainder when s is divided by n.
14
Let p(b) = b**3 + 5*b**2 - 3*b - 5. Let s(h) = 2*h**2 + 0 + 3 - h**2. Calculate the remainder when s(4) is divided by p(-5).
9
Let o = -44 + 51. Calculate the remainder when 33 is divided by o.
5
What is the remainder when (-12)/8 - 82/(-4) is divided by (-3 - 1*-2)*-5?
4
Let o = 15 - 10. Let c be 6*(-2)/(-4) + o. What is the remainder when c - (1/(-1))/1 is divided by 6?
3
Suppose 4*g - 127 = 5*w, -2*g + 2*w = 5*w - 69. What is the remainder when g is divided by 18?
15
Let u = 5 - -4. Let d = u + 7. Calculate the remainder when d is divided by 9.
7
Let x be (8/(-14))/(8/(-28)). Suppose -3*r = -2*l - 108, 2*r + 18 = -4*l + 74. What is the remainder when r is divided by 15/x*(-12)/(-5)?
16
Let k(i) = i**3 + 2*i**2 - 7*i + 7. Calculate the remainder when k(5) is divided by 30.
27
What is the remainder when ((-15)/(-6) - (-4)/8) + 85 is divided by 30?
28
Let i = -18 + 35. Suppose 2*n - n - 6 = 0. What is the remainder when i is divided by n?
5
Let y = 1 + -5. Let a(d) = 3*d**2 + 3*d - 3. Calculate the remainder when a(y) is divided by 18.
15
Suppose 0 = 5*b + 5*l - 125, 2*b - 2*l + l = 62. Calculate the remainder when b is divided by 10*1*(-32)/(-20).
13
Let l = -77 + 117. What is the remainder when l is divided by 15?
10
Suppose 3*a = -3, 2*z + 5*a - 4*a = -3. Suppose 1 = 9*r + 19. Calculate the remainder when (-50)/(z + r + 1) is divided by 9.
7
Let j be 2/(-11) + (-92)/(-22). Calculate the remainder when (-6)/12 - (-114)/j is divided by 10.
8
Suppose f - 4*u = -3*f + 40, -3*f + 5*u + 36 = 0. Calculate the remainder when 33 is divided by f.
5
Suppose 4*u + 3*r - 163 = 0, 83 = 4*u - 2*u + 3*r. What is the remainder when 75 is divided by u?
35
Suppose -5*k - 1 - 4 = 0, -3*k = -q + 34. Calculate the remainder when 117 + 4/6*(-1 + 7) is divided by q.
28
Let x(n) = -n**3 + 11*n**2 + 14. What is the remainder when x(11) is divided by 8?
6
Let g be -1*(6/3 - 2). Suppose -3*u + 126 = -g*u. What is the remainder when u is divided by 22?
20
Let s(b) = b + 3. Let f be s(-5). Let z = f + 5. Calculate the remainder when 7 is divided by z.
1
What is the remainder when 36 is divided by 4 - 1 - (1 - 11)?
10
Let i be (-2 - -4 - -3) + -2. Suppose -40 + 8 = 4*h + 5*m, -4*h = -i*m + 64. Calculate the remainder when (-5)/(((-2)/(-2))/h) is divided by 22.
21
Suppose 0 = -6*u + 2*u + 196. Suppose -5*q - 4*h - h = -40, 3*q = 3*h. Suppose -17 + 69 = q*x. What is the remainder when u is divided by x?
10
Calculate the remainder when 102 is divided by 12/(-66) - 129*(-3)/11.
32
Let j(a) = -a**2 + 12*a - 7. Calculate the remainder when j(6) is divided by 8.
5
Suppose 3*v + 0*v = 2*b - 7, v + 4 = b. Suppose 3*m - b*k + k - 35 = 0, 2*k = -2*m. Calculate the remainder when 12 is divided by m.
2
Let j = -185 - -310. What is the remainder when j is divided by 32?
29
Suppose -8*a - 224 = -12*a. Calculate the remainder when a is divided by 29.
27
Let m(u) be the third derivative of -2*u**2 + 1/30*u**5 + 0*u + 1/2*u**3 + 1/24*u**4 + 0. Calculate the remainder when 35 is divided by m(-3).
17
Let z(g) be the third derivative of -11*g**6/60 + g**5/30 + g**4/12 + g**3/6 + 2*g**2. Calculate the remainder when z(-1) is divided by 9.
5
Suppose 4*t - 49 = 103. What is the remainder when 188 is divided by t?
36
Suppose 0 = t - 4*t + 9. Suppose t*z - 12 = -z. Suppose 3*u = 2*h + 11, -4*u + 15 = 3*h - 11. Calculate the remainder when u is divided by z.
2
Suppose -4*l - s + 90 = -2*s, -3*l + 2*s + 70 = 0. Let y = 25 - l. Calculate the remainder when y is divided by 2.
1
Let i(r) = -3*r**2 + 3*r + 4. Let x be i(3). Let d = 17 + -7. Calculate the remainder when (-2)/(1/x - 0) is divided by d.
8
Let j = 29 - 17. Suppose -5*s + r - 52 = 0, -2*r + j = -5*s - 37. Let f = 23 + s. What is the remainder when f is divided by 7?
5
Let y be (-5)/(10/24) - -3. Let o(n) = -n**3 - 9*n**2 - 3*n + 8. Let z(l) = l**3 + 4*l**2 - 8*l - 3. What is the remainder when o(y) is divided by z(-5)?
11
Suppose 4*c + 5*r + 125 - 12 = 0, -3*r + 78 = -3*c. Let n = -22 - c. Let o = 8 - 0. Calculate the remainder when o is divided by n.
3
Suppose -7*l = -3*l - 92. What is the remainder when l is divided by 9?
5
Let i(h) = -3*h - 14. Calculate the remainder when 10 is divided by i(-6).
2
Suppose 43 = 2*q - x, 0*x + 5*x + 110 = 5*q. Calculate the remainder when 83 is divided by q.
20
Calculate the remainder when 2/3 - (6 + (-840)/9) is divided by 5.
3
Let k(a) = -3*a - 7. What is the remainder when (-120)/(-9) + (-2)/6 is divided by k(-5)?
5
Let l(n) = -n**3 + 3*n**2 + 5*n - 4. Let v be l(3). Suppose -1 = w - v. What is the remainder when 29 is divided by w?
9
Let n be (-2 + 3)*(0 + -3). What is the remainder when 5 is divided by (-5)/(45/12)*n?
1
Suppose v = l - 4, -2*v + 43 = 2*l + 3*v. What is the remainder when 34 is divided by l?
7
Calculate the remainder when (-3 + (-21)/(-6))*48 is divided by 178/14 - (-6)/21.
11
Let c be ((-2)/(-4))/((-1)/(-424)). Suppose 5*q - q = c. Calculate the remainder when q is divided by ((3 - 2) + 0)*18.
17
Sup